 is the greatest common divisor of 11753 and 1449?
161
What is the highest common divisor of 211862 and 2454?
818
Calculate the greatest common factor of 10722 and 18.
6
What is the greatest common divisor of 34977 and 38121?
393
What is the greatest common factor of 5320 and 410?
10
What is the highest common divisor of 224 and 3262?
14
Calculate the greatest common divisor of 4128 and 218.
2
Calculate the greatest common divisor of 27918 and 25344.
198
What is the greatest common factor of 210912 and 3432?
312
Calculate the highest common factor of 27 and 56835.
27
Calculate the highest common divisor of 576 and 196488.
72
What is the highest common divisor of 84 and 33648?
12
What is the highest common divisor of 3545 and 145?
5
What is the greatest common divisor of 15479 and 5221?
23
What is the greatest common divisor of 6638 and 20?
2
Calculate the highest common factor of 3831336 and 381.
381
What is the highest common factor of 13875 and 55?
5
What is the highest common divisor of 513 and 1890?
27
What is the highest common divisor of 2737 and 25277?
161
What is the highest common factor of 239 and 153677?
239
What is the highest common factor of 10500 and 43260?
420
Calculate the greatest common divisor of 2948 and 99.
11
Calculate the highest common divisor of 2093 and 2275.
91
What is the greatest common divisor of 95984 and 14?
14
What is the highest common factor of 101558 and 1972?
986
Calculate the greatest common divisor of 10695 and 845.
5
What is the greatest common factor of 215880 and 27720?
840
What is the greatest common divisor of 739854 and 1296?
162
What is the greatest common factor of 24354 and 13662?
594
Calculate the highest common divisor of 11 and 12537184.
11
What is the greatest common factor of 16940 and 12221?
121
What is the highest common divisor of 4150 and 41666?
166
Calculate the highest common divisor of 59728 and 1648.
16
Calculate the highest common factor of 20 and 4835.
5
What is the highest common divisor of 245 and 8960?
35
What is the greatest common factor of 35778 and 24?
6
Calculate the highest common factor of 1310309 and 4165.
833
What is the highest common divisor of 254965 and 5?
5
What is the highest common factor of 1050039 and 306?
153
Calculate the greatest common factor of 5974 and 1160.
58
Calculate the highest common divisor of 165 and 2118435.
165
What is the greatest common factor of 85 and 979761?
17
Calculate the greatest common factor of 26532 and 594.
198
Calculate the highest common factor of 154 and 16104.
22
What is the highest common divisor of 225683 and 1?
1
Calculate the greatest common divisor of 17792 and 352.
32
What is the greatest common factor of 121068 and 18?
18
What is the greatest common divisor of 2596 and 1198408?
236
What is the greatest common factor of 144896 and 566?
566
What is the greatest common factor of 2686 and 8619?
17
What is the greatest common divisor of 5012 and 224108?
716
Calculate the highest common divisor of 100 and 965050.
50
What is the greatest common factor of 692784 and 119?
17
Calculate the greatest common divisor of 8480 and 3440.
80
What is the greatest common factor of 56465 and 230?
115
What is the greatest common factor of 3162 and 4675017?
1581
What is the highest common divisor of 3162 and 86118?
186
What is the greatest common factor of 1520 and 301340?
380
Calculate the greatest common factor of 10758 and 8448.
66
What is the highest common divisor of 1455 and 11915?
5
What is the greatest common factor of 32307 and 71511?
363
Calculate the greatest common factor of 714 and 19839.
51
What is the highest common divisor of 8 and 8312?
8
What is the highest common divisor of 57 and 3838?
19
What is the greatest common divisor of 4913 and 136?
17
What is the highest common divisor of 460845 and 21?
21
Calculate the greatest common divisor of 274302 and 504.
126
What is the greatest common factor of 3570824 and 8?
8
What is the highest common factor of 12636 and 676?
52
Calculate the highest common divisor of 46970 and 1694.
154
What is the greatest common factor of 118 and 18192414?
118
Calculate the highest common divisor of 21632 and 88.
8
What is the highest common divisor of 40 and 278440?
40
What is the greatest common divisor of 5 and 6380?
5
Calculate the highest common divisor of 7 and 251657.
7
Calculate the highest common factor of 1059570 and 90.
90
What is the greatest common factor of 374770 and 1650?
110
What is the greatest common divisor of 11 and 70961?
11
Calculate the highest common factor of 9673776 and 98.
98
What is the highest common divisor of 15 and 19245?
15
What is the highest common factor of 4014 and 630?
18
Calculate the highest common divisor of 310 and 9985.
5
What is the highest common factor of 1140 and 159980?
380
What is the highest common factor of 35329 and 1225?
49
What is the highest common divisor of 176 and 440?
88
Calculate the highest common divisor of 27 and 307332.
9
Calculate the greatest common divisor of 624 and 264.
24
Calculate the greatest common factor of 87978 and 6622.
946
What is the highest common factor of 161689 and 11?
11
Calculate the highest common divisor of 26 and 352937.
13
What is the greatest common factor of 157249 and 201?
67
What is the greatest common factor of 3077 and 2703?
17
What is the highest common divisor of 156 and 9444?
12
Calculate the greatest common divisor of 655 and 1215.
5
What is the highest common divisor of 173115 and 810?
45
What is the highest common factor of 156 and 10092?
12
What is the highest common divisor of 148644 and 684?
36
Calculate the highest common divisor of 210 and 705.
15
What is the greatest common divisor of 29715 and 2835?
105
Calculate the greatest common divisor of 374 and 11660.
22
Calculate the greatest common divisor of 241 and 7175534.
241
Calculate the highest common factor of 339 and 723426.
339
Calculate the greatest common divisor of 480 and 2944.
32
What is the greatest common divisor of 64523 and 1243?
113
What is the greatest common divisor of 13937 and 2849?
77
Calculate the greatest common divisor of 514 and 86866.
514
Calculate the greatest common divisor of 742130 and 150.
10
What is the highest common divisor of 795 and 1815?
15
What is the greatest common divisor of 26 and 40547?
13
What is the greatest common divisor of 55 and 353705?
55
What is the greatest common divisor of 304760 and 228?
76
Calculate the highest common divisor of 3414 and 162.
6
What is the greatest common divisor of 4776 and 352?
8
Calculate the highest common divisor of 2706 and 243342.
66
Calculate the greatest common factor of 87043 and 123.
41
Calculate the highest common factor of 21402 and 60030.
522
What is the greatest common factor of 108 and 99276?
12
What is the highest common factor of 8855925 and 15?
15
Calculate the highest common divisor of 128 and 5935616.
128
What is the highest common divisor of 9219558 and 6?
6
Calculate the greatest common divisor of 11613 and 6399.
237
What is the greatest common factor of 187080 and 180?
60
Calculate the highest common divisor of 70 and 192790.
10
Calculate the highest common divisor of 14659 and 685.
137
What is the greatest common factor of 128 and 2504?
8
What is the highest common factor of 18856 and 56?
8
Calculate the greatest common divisor of 39 and 1818817.
13
Calculate the highest common factor of 48 and 38832.
48
What is the highest common factor of 50715 and 120834?
441
What is the greatest common divisor of 4550 and 3458?
182
What is the greatest common divisor of 252 and 17948?
28
What is the greatest common divisor of 10098656 and 736?
736
What is the greatest common divisor of 12958 and 12749?
209
Calculate the highest common factor of 1092 and 1099.
7
Calculate the highest common factor of 252 and 365932.
28
Calculate the greatest common factor of 1826 and 8272.
22
Calculate the highest common divisor of 40392 and 429.
33
What is the highest common factor of 2178 and 19122?
6
What is the greatest common divisor of 801 and 712?
89
What is the greatest common divisor of 12537 and 189?
63
Calculate the highest common divisor of 320 and 1238400.
320
Calculate the highest common factor of 315 and 3537.
9
Calculate the highest common factor of 3381 and 47